?
6
Let j be 1/5 + (-13796)/(-20). Calculate the remainder when j/18 - 2/6 is divided by 13.
12
Let z = -31 - -19. Let n = 23 + z. Calculate the remainder when 1 + -5*72/(-20) is divided by n.
8
Let g = -13 + 17. Suppose g*b - 110 = -b. What is the remainder when 43 is divided by b?
21
Let i = 6 - 9. Let y be (7/i)/((-3)/9). Let t = y + -4. What is the remainder when 10 is divided by t?
1
Let n(t) = 0 + 3 - 2 + 19*t. Let l be n(1). Suppose -y - y = -k + l, -40 = -2*k - 3*y. Calculate the remainder when 38 is divided by k.
18
Let s(l) = -2*l - 8. Let j be s(-9). Suppose 5*o - j - 20 = 0. What is the remainder when o is divided by 3?
0
Suppose x - 8 = 12. Calculate the remainder when ((-14)/(-12) - 1)*6 is divided by 14/10 + (-8)/x.
0
Suppose -6*f + 3*f = -2*w - 11, -4*w - 17 = -f. Calculate the remainder when 13 is divided by 12/6 - -5*f.
6
Suppose 0 = -3*q + 2*q + 51. Suppose 2*d + t - 106 = 0, -2*d + t - q = -3*d. Calculate the remainder when d is divided by 19.
17
Let s(u) = -u**3 - 14*u**2 - 13*u + 2. Let v be s(-13). Suppose v*d - 4*p + 3 - 37 = 0, 4*d + 4*p = 128. Calculate the remainder when d is divided by 6.
3
What is the remainder when (-1)/(2/(0 - 162)) is divided by 21?
18
Suppose 4*w - 7 - 41 = 0. What is the remainder when 69 is divided by w?
9
Suppose j + 5*r + 3 = 0, -r = -3*j - 2*r - 23. What is the remainder when 1 - j/(-12)*-18 is divided by 4?
1
Let c(y) = 24*y**2 - 2*y - 2. What is the remainder when c(2) is divided by 23?
21
Let l = 34 - 24. Suppose 0 = -l*r + 5*r + 50. Suppose f - 8 = -5*m, 0 = 4*f - 3*m - 50 - 74. What is the remainder when f is divided by r?
8
Let h = 35 - 11. Calculate the remainder when 94 is divided by h.
22
Let m = -26 + 58. What is the remainder when 62 is divided by m?
30
Suppose -l = 2*g - 3, -5*g + 0*l - 3*l = -6. What is the remainder when g is divided by 2?
1
Calculate the remainder when 1*-3 + (99 - 12) is divided by 17.
16
Let n = 4 + -6. Let o = -3 - n. What is the remainder when 44 is divided by o/3 - (-92)/6?
14
Suppose -3 = z - 2*z. Suppose 2*b + 8 = -2*b. Calculate the remainder when (8 + b)*(-4)/(-3) is divided by z.
2
Let h = -10 - -10. Suppose 5*d - 54 - 51 = h. What is the remainder when -82*(-2 + 3/2) is divided by d?
20
Let o = 30 + -13. What is the remainder when o is divided by 9?
8
Let s be 18/(-12)*(1 - -1). What is the remainder when 30 is divided by s/(-9) + (-32)/(-3)?
8
Let y(q) = q**3 - 8*q**2 - q + 10. Suppose -2*k + 5*s + 274 = 0, 3*k + 0*s = s + 398. Let c be k/18 - (-4)/6. Calculate the remainder when 2 is divided by y(c).
0
What is the remainder when -2*1*(25 + -32) is divided by 8?
6
Suppose -2*i + 1 = 2*b - 31, 3*b - 2*i = 38. What is the remainder when 68 is divided by b?
12
Suppose -2*r + 7*r + 88 = 3*q, 116 = 3*q + 2*r. Suppose -i - c = -11, 0*i - 46 = -4*i - 3*c. Calculate the remainder when q is divided by i.
10
Let o be 5/(-3) + 1/(-3). What is the remainder when 39 is divided by (-2)/(52/28 + o)?
11
Suppose 2*p - 30 = p + 5*i, 2*p = 4*i + 54. Calculate the remainder when (21/(-14))/((-1)/((-148)/(-3))) is divided by p.
24
Let m(s) = -10*s - 1. Let i = 40 + -25. What is the remainder when i is divided by m(-1)?
6
Let t = 55 + -46. What is the remainder when 44 is divided by t?
8
Let t be 2/3*(-57)/(-2). Let h = -11 + t. Calculate the remainder when 21 is divided by h.
5
Let w(v) = v**3 - 6*v**2 - 7*v + 4. Suppose -c - f = 5, c - 2 + 11 = 3*f. Let g = c - -13. Calculate the remainder when w(g) is divided by 2.
0
Let s(v) = v**3 - 15*v**2 + 17*v - 10. What is the remainder when s(14) is divided by 17?
15
Suppose -2*j = 5*c - 105, 12 = 5*c - 3*j - 68. What is the remainder when 71 is divided by c?
14
Suppose 2*w + 87 - 20 = 3*p, 5*w = 5. What is the remainder when p is divided by 7?
2
Suppose 4*l - 92 = 3*l. Let g = -73 + 92. Calculate the remainder when l is divided by g.
16
Suppose 0 = w - 5*n + 11, -31 = -4*w + 5*n - 0*n. Suppose 3*x = 3*q + 78, 2*x - x - 25 = 2*q. What is the remainder when x is divided by w?
13
Let v(d) be the second derivative of 29*d**5/10 - d**4/6 + d**3/3 - d**2/2 + 5*d. What is the remainder when v(1) is divided by 12?
9
Let g(b) = -6*b**3 - 2*b**2 - 6. What is the remainder when g(-3) is divided by 28?
26
Let k = 143 - 95. What is the remainder when k is divided by 13?
9
Let i(m) = -9*m**3 + m**2. Suppose 0 = -l + 2*w + 40, -3*w + 13 = 1. What is the remainder when l is divided by i(-1)?
8
Suppose 4*u = 3*w + 2 - 1, -w + 5 = 0. Calculate the remainder when u is divided by 10/15 - 8/(-6).
0
Calculate the remainder when (35 - -1) + -1*2 is divided by 7.
6
Let z = 14 - 2. What is the remainder when 71 is divided by z?
11
Let n(q) = q**2 - q - 8. Calculate the remainder when n(-5) is divided by 13.
9
Let m = -8 + 11. Calculate the remainder when (-10)/(-4) - 1/(-2) is divided by m.
0
Let n = 8 - -28. Let g = n - 16. Calculate the remainder when 58 is divided by g.
18
Let f(n) = -n**3 - 12*n**2 - 24*n - 18. Calculate the remainder when 218 is divided by f(-10).
20
Suppose -38 = 3*r - 5*r + 3*d, 0 = r + 3*d - 28. Let p be 2/(4/(-61))*-2. Let o = -19 + p. Calculate the remainder when o is divided by r.
20
Let k(t) = 66*t**2 + t + 1. Let u be (-12)/30 + (-3)/5. Calculate the remainder when k(u) is divided by 17.
15
Let r(p) = -11*p - 5. Let v(n) = -n**2 - 7*n - 6. Let b be v(-4). Let g be r(b). Let c = -42 - g. What is the remainder when c is divided by 10?
9
Let u(p) = -2*p**2 - 5*p + 19. Let s be u(-6). Let y = s + 31. Calculate the remainder when 13 is divided by y.
5
Suppose -5*f - 4*w + 34 = 0, 4*w + 18 = f + 2*w. Let a = 2 - -4. What is the remainder when f is divided by a?
4
Suppose 23*p = 22*p + 13. What is the remainder when 90 is divided by p?
12
Calculate the remainder when 12 is divided by 28/8 - 3/(-6).
0
Suppose -6 + 18 = 4*a. Suppose -23 + 5 = -2*h. Suppose 3*x - 6 = h. What is the remainder when x is divided by a?
2
Let o be 5 + -5 - (-888)/3. Suppose 2*x + 2*x = o. What is the remainder when x is divided by 19?
17
Let w = 137 - 80. What is the remainder when w is divided by 12?
9
Let x = -43 + 79. Calculate the remainder when x is divided by ((-39)/6)/(4/(-8)).
10
Let a(r) be the second derivative of 2*r**3/3 - 5*r**2/2 - 2*r. Let d = -95 + 102. What is the remainder when a(4) is divided by d?
4
Suppose -5*k + 24 = -3*k. Suppose 0 = -0*x + x - 5. Suppose -2 = x*i + 8, -2*i - 73 = -3*f. What is the remainder when f is divided by k?
11
Suppose -z - 4 + 16 = 0. Let b(q) = -q**2 + 13*q + 3. Let k be ((-20)/(-25))/((-2)/(-25)). What is the remainder when b(k) is divided by z?
9
Let b be (-3)/12 + 117/4. Suppose 2*x - x = 2*h + 13, 3*h = 2*x - b. Calculate the remainder when x is divided by (4 - 2)/(4/14).
5
Let b(o) = -o - 2. Let y be b(-2). Suppose 5*x + 14 = -s + 63, s + 2*x - 37 = y. Calculate the remainder when s is divided by 8.
5
Suppose 19 = -q + 80. Calculate the remainder when q is divided by 21.
19
Let m(p) = 14*p - 2. Calculate the remainder when 21 is divided by m(1).
9
Suppose q + 0 - 22 = 0. Suppose 5*w - 3*n - 66 + 9 = 0, q = 2*w - 2*n. Calculate the remainder when 35 is divided by w.
11
Let d(h) = -h**3 + 5*h**2 + 9*h - 7. Let z = -3 - -9. Calculate the remainder when 32 is divided by d(z).
10
Suppose 4*f - 48 = 12. Calculate the remainder when f is divided by 8.
7
Let n be (-1)/(-2)*0/(-12). Suppose 0 = -5*j + 60 - n. Calculate the remainder when 32 is divided by j.
8
Let r = -8 - -11. Suppose -4*k + 2*k = -4*d + 80, -r*k - 15 = -d. Calculate the remainder when d is divided by 12.
9
Suppose -11 + 3 = 2*w, 0 = 2*l - 4*w + 10. Let t = l + -9. What is the remainder when 6/2 - 4 - t is divided by 12?
9
Let r(s) be the first derivative of 2*s**3/3 + s**2/2 - s - 1. Calculate the remainder when r(-3) is divided by 8.
6
Let t = 11 + -6. Let d be 6/9 - (-16)/(-6). Let r = d - -4. What is the remainder when t is divided by r?
1
Let t = -39 + 111. Suppose -76 = -5*z + 2*k, -4*z + 4*k = z - t. Calculate the remainder when 77 is divided by z.
13
Let m(o) = 4*o + 1. Let f be (-1)/((-1)/4) + -2. Calculate the remainder when m(f) is divided by 4.
1
Let w = -64 - -107. Suppose 4*d + b = 2 + 47, 0 = d + 3*b - 26. What is the remainder when w is divided by d?
10
Suppose n = -3*n + 92. Calculate the remainder when n is divided 